{"id":10310,"date":"2024-10-30T14:53:08","date_gmt":"2024-10-30T11:53:08","guid":{"rendered":"https:\/\/gastrodiyari.com\/?page_id=10310"},"modified":"2024-10-31T12:45:15","modified_gmt":"2024-10-31T09:45:15","slug":"cerci-yoresel","status":"publish","type":"page","link":"https:\/\/gastrodiyari.com\/?page_id=10310","title":{"rendered":"\u00e7er\u00e7i y\u00f6resel"},"content":{"rendered":"\t\t<div data-elementor-type=\"wp-page\" data-elementor-id=\"10310\" class=\"elementor elementor-10310\">\n\t\t\t\t\t\t<section class=\"elementor-section elementor-top-section elementor-element elementor-element-2eb0756 elementor-section-boxed elementor-section-height-default elementor-section-height-default\" data-id=\"2eb0756\" data-element_type=\"section\" data-e-type=\"section\">\n\t\t\t\t\t\t<div class=\"elementor-container elementor-column-gap-default\">\n\t\t\t\t\t<div class=\"elementor-column elementor-col-100 elementor-top-column elementor-element elementor-element-6dbb7cf\" data-id=\"6dbb7cf\" data-element_type=\"column\" data-e-type=\"column\">\n\t\t\t<div class=\"elementor-widget-wrap elementor-element-populated\">\n\t\t\t\t\t\t<div class=\"elementor-element elementor-element-b59a07a elementor-widget elementor-widget-heading\" data-id=\"b59a07a\" data-element_type=\"widget\" data-e-type=\"widget\" data-widget_type=\"heading.default\">\n\t\t\t\t<div class=\"elementor-widget-container\">\n\t\t\t\t\t<h3 class=\"elementor-heading-title elementor-size-default\">           \u00c7ER\u00c7\u0130 Y\u00d6RESEL SATI\u015e NOKTASI<\/h3>\t\t\t\t<\/div>\n\t\t\t\t<\/div>\n\t\t\t\t\t<\/div>\n\t\t<\/div>\n\t\t\t\t\t<\/div>\n\t\t<\/section>\n\t\t\t\t<section class=\"elementor-section elementor-top-section elementor-element elementor-element-2a5b7136 elementor-section-boxed elementor-section-height-default elementor-section-height-default\" data-id=\"2a5b7136\" data-element_type=\"section\" data-e-type=\"section\">\n\t\t\t\t\t\t<div class=\"elementor-container elementor-column-gap-no\">\n\t\t\t\t\t<div class=\"elementor-column elementor-col-50 elementor-top-column elementor-element elementor-element-1384dfd5\" data-id=\"1384dfd5\" data-element_type=\"column\" data-e-type=\"column\">\n\t\t\t<div class=\"elementor-widget-wrap elementor-element-populated\">\n\t\t\t\t\t\t<div class=\"elementor-element elementor-element-c2ad6b7 elementor-invisible elementor-widget elementor-widget-image\" data-id=\"c2ad6b7\" data-element_type=\"widget\" data-e-type=\"widget\" data-settings=\"{&quot;_animation&quot;:&quot;fadeIn&quot;}\" data-widget_type=\"image.default\">\n\t\t\t\t<div class=\"elementor-widget-container\">\n\t\t\t\t\t\t\t\t\t\t\t\t<figure class=\"wp-caption\">\n\t\t\t\t\t\t\t\t\t\t<img fetchpriority=\"high\" decoding=\"async\" width=\"1707\" height=\"2560\" src=\"https:\/\/gastrodiyari.com\/wp-content\/uploads\/2024\/10\/DSCF0054-scaled.jpg\" class=\"attachment-full size-full wp-image-10352\" alt=\"\" srcset=\"https:\/\/gastrodiyari.com\/wp-content\/uploads\/2024\/10\/DSCF0054-scaled.jpg 1707w, https:\/\/gastrodiyari.com\/wp-content\/uploads\/2024\/10\/DSCF0054-200x300.jpg 200w, https:\/\/gastrodiyari.com\/wp-content\/uploads\/2024\/10\/DSCF0054-683x1024.jpg 683w, https:\/\/gastrodiyari.com\/wp-content\/uploads\/2024\/10\/DSCF0054-768x1152.jpg 768w, https:\/\/gastrodiyari.com\/wp-content\/uploads\/2024\/10\/DSCF0054-1024x1536.jpg 1024w, https:\/\/gastrodiyari.com\/wp-content\/uploads\/2024\/10\/DSCF0054-1365x2048.jpg 1365w, https:\/\/gastrodiyari.com\/wp-content\/uploads\/2024\/10\/DSCF0054-16x24.jpg 16w, https:\/\/gastrodiyari.com\/wp-content\/uploads\/2024\/10\/DSCF0054-24x36.jpg 24w, https:\/\/gastrodiyari.com\/wp-content\/uploads\/2024\/10\/DSCF0054-32x48.jpg 32w\" sizes=\"(max-width: 1707px) 100vw, 1707px\" \/>\t\t\t\t\t\t\t\t\t\t\t<figcaption class=\"widget-image-caption wp-caption-text\"><\/figcaption>\n\t\t\t\t\t\t\t\t\t\t<\/figure>\n\t\t\t\t\t\t\t\t\t<\/div>\n\t\t\t\t<\/div>\n\t\t\t\t\t<\/div>\n\t\t<\/div>\n\t\t\t\t<div class=\"elementor-column elementor-col-50 elementor-top-column elementor-element elementor-element-4fc27fb0\" data-id=\"4fc27fb0\" data-element_type=\"column\" data-e-type=\"column\">\n\t\t\t<div class=\"elementor-widget-wrap elementor-element-populated\">\n\t\t\t\t\t\t<div class=\"elementor-element elementor-element-29e6e1fe elementor-invisible elementor-widget elementor-widget-image\" data-id=\"29e6e1fe\" data-element_type=\"widget\" data-e-type=\"widget\" data-settings=\"{&quot;_animation&quot;:&quot;fadeIn&quot;}\" data-widget_type=\"image.default\">\n\t\t\t\t<div class=\"elementor-widget-container\">\n\t\t\t\t\t\t\t\t\t\t\t\t<figure class=\"wp-caption\">\n\t\t\t\t\t\t\t\t\t\t<img decoding=\"async\" width=\"2560\" height=\"1707\" src=\"https:\/\/gastrodiyari.com\/wp-content\/uploads\/2024\/10\/DSCF0494-scaled.jpg\" class=\"attachment-full size-full wp-image-10367\" alt=\"\" srcset=\"https:\/\/gastrodiyari.com\/wp-content\/uploads\/2024\/10\/DSCF0494-scaled.jpg 2560w, https:\/\/gastrodiyari.com\/wp-content\/uploads\/2024\/10\/DSCF0494-300x200.jpg 300w, https:\/\/gastrodiyari.com\/wp-content\/uploads\/2024\/10\/DSCF0494-1024x683.jpg 1024w, https:\/\/gastrodiyari.com\/wp-content\/uploads\/2024\/10\/DSCF0494-768x512.jpg 768w, https:\/\/gastrodiyari.com\/wp-content\/uploads\/2024\/10\/DSCF0494-1536x1024.jpg 1536w, https:\/\/gastrodiyari.com\/wp-content\/uploads\/2024\/10\/DSCF0494-2048x1365.jpg 2048w, https:\/\/gastrodiyari.com\/wp-content\/uploads\/2024\/10\/DSCF0494-24x16.jpg 24w, https:\/\/gastrodiyari.com\/wp-content\/uploads\/2024\/10\/DSCF0494-36x24.jpg 36w, https:\/\/gastrodiyari.com\/wp-content\/uploads\/2024\/10\/DSCF0494-48x32.jpg 48w\" sizes=\"(max-width: 2560px) 100vw, 2560px\" \/>\t\t\t\t\t\t\t\t\t\t\t<figcaption class=\"widget-image-caption wp-caption-text\"><\/figcaption>\n\t\t\t\t\t\t\t\t\t\t<\/figure>\n\t\t\t\t\t\t\t\t\t<\/div>\n\t\t\t\t<\/div>\n\t\t\t\t\t<\/div>\n\t\t<\/div>\n\t\t\t\t\t<\/div>\n\t\t<\/section>\n\t\t\t\t<section class=\"elementor-section elementor-top-section elementor-element elementor-element-53772c39 elementor-section-boxed elementor-section-height-default elementor-section-height-default\" data-id=\"53772c39\" data-element_type=\"section\" data-e-type=\"section\">\n\t\t\t\t\t\t<div class=\"elementor-container elementor-column-gap-no\">\n\t\t\t\t\t<div class=\"elementor-column elementor-col-50 elementor-top-column elementor-element elementor-element-75ae763b\" data-id=\"75ae763b\" data-element_type=\"column\" data-e-type=\"column\">\n\t\t\t<div class=\"elementor-widget-wrap elementor-element-populated\">\n\t\t\t\t\t\t<div class=\"elementor-element elementor-element-12445b3e elementor-invisible elementor-widget elementor-widget-image\" data-id=\"12445b3e\" data-element_type=\"widget\" data-e-type=\"widget\" data-settings=\"{&quot;_animation&quot;:&quot;fadeIn&quot;}\" data-widget_type=\"image.default\">\n\t\t\t\t<div class=\"elementor-widget-container\">\n\t\t\t\t\t\t\t\t\t\t\t\t<figure class=\"wp-caption\">\n\t\t\t\t\t\t\t\t\t\t<img decoding=\"async\" width=\"2560\" height=\"1707\" src=\"https:\/\/gastrodiyari.com\/wp-content\/uploads\/2024\/10\/DSCF0081-scaled.jpg\" class=\"attachment-full size-full wp-image-10356\" alt=\"\" srcset=\"https:\/\/gastrodiyari.com\/wp-content\/uploads\/2024\/10\/DSCF0081-scaled.jpg 2560w, https:\/\/gastrodiyari.com\/wp-content\/uploads\/2024\/10\/DSCF0081-300x200.jpg 300w, https:\/\/gastrodiyari.com\/wp-content\/uploads\/2024\/10\/DSCF0081-1024x683.jpg 1024w, https:\/\/gastrodiyari.com\/wp-content\/uploads\/2024\/10\/DSCF0081-768x512.jpg 768w, https:\/\/gastrodiyari.com\/wp-content\/uploads\/2024\/10\/DSCF0081-1536x1024.jpg 1536w, https:\/\/gastrodiyari.com\/wp-content\/uploads\/2024\/10\/DSCF0081-2048x1365.jpg 2048w, https:\/\/gastrodiyari.com\/wp-content\/uploads\/2024\/10\/DSCF0081-24x16.jpg 24w, https:\/\/gastrodiyari.com\/wp-content\/uploads\/2024\/10\/DSCF0081-36x24.jpg 36w, https:\/\/gastrodiyari.com\/wp-content\/uploads\/2024\/10\/DSCF0081-48x32.jpg 48w\" sizes=\"(max-width: 2560px) 100vw, 2560px\" \/>\t\t\t\t\t\t\t\t\t\t\t<figcaption class=\"widget-image-caption wp-caption-text\"><\/figcaption>\n\t\t\t\t\t\t\t\t\t\t<\/figure>\n\t\t\t\t\t\t\t\t\t<\/div>\n\t\t\t\t<\/div>\n\t\t\t\t\t<\/div>\n\t\t<\/div>\n\t\t\t\t<div class=\"elementor-column elementor-col-50 elementor-top-column elementor-element elementor-element-113e1f51\" data-id=\"113e1f51\" data-element_type=\"column\" data-e-type=\"column\">\n\t\t\t<div class=\"elementor-widget-wrap elementor-element-populated\">\n\t\t\t\t\t\t<div class=\"elementor-element elementor-element-5d65582c elementor-invisible elementor-widget elementor-widget-image\" data-id=\"5d65582c\" data-element_type=\"widget\" data-e-type=\"widget\" data-settings=\"{&quot;_animation&quot;:&quot;fadeIn&quot;}\" data-widget_type=\"image.default\">\n\t\t\t\t<div class=\"elementor-widget-container\">\n\t\t\t\t\t\t\t\t\t\t\t\t<figure class=\"wp-caption\">\n\t\t\t\t\t\t\t\t\t\t<img loading=\"lazy\" decoding=\"async\" width=\"2560\" height=\"1707\" src=\"https:\/\/gastrodiyari.com\/wp-content\/uploads\/2024\/10\/GF2A3230-scaled.jpg\" class=\"attachment-full size-full wp-image-10365\" alt=\"\" srcset=\"https:\/\/gastrodiyari.com\/wp-content\/uploads\/2024\/10\/GF2A3230-scaled.jpg 2560w, https:\/\/gastrodiyari.com\/wp-content\/uploads\/2024\/10\/GF2A3230-300x200.jpg 300w, https:\/\/gastrodiyari.com\/wp-content\/uploads\/2024\/10\/GF2A3230-1024x683.jpg 1024w, https:\/\/gastrodiyari.com\/wp-content\/uploads\/2024\/10\/GF2A3230-768x512.jpg 768w, https:\/\/gastrodiyari.com\/wp-content\/uploads\/2024\/10\/GF2A3230-1536x1024.jpg 1536w, https:\/\/gastrodiyari.com\/wp-content\/uploads\/2024\/10\/GF2A3230-2048x1365.jpg 2048w, https:\/\/gastrodiyari.com\/wp-content\/uploads\/2024\/10\/GF2A3230-24x16.jpg 24w, https:\/\/gastrodiyari.com\/wp-content\/uploads\/2024\/10\/GF2A3230-36x24.jpg 36w, https:\/\/gastrodiyari.com\/wp-content\/uploads\/2024\/10\/GF2A3230-48x32.jpg 48w\" sizes=\"(max-width: 2560px) 100vw, 2560px\" \/>\t\t\t\t\t\t\t\t\t\t\t<figcaption class=\"widget-image-caption wp-caption-text\"><\/figcaption>\n\t\t\t\t\t\t\t\t\t\t<\/figure>\n\t\t\t\t\t\t\t\t\t<\/div>\n\t\t\t\t<\/div>\n\t\t\t\t\t<\/div>\n\t\t<\/div>\n\t\t\t\t\t<\/div>\n\t\t<\/section>\n\t\t\t\t<section class=\"elementor-section elementor-top-section elementor-element elementor-element-84f8a9 elementor-section-boxed elementor-section-height-default elementor-section-height-default\" data-id=\"84f8a9\" data-element_type=\"section\" data-e-type=\"section\">\n\t\t\t\t\t\t<div class=\"elementor-container elementor-column-gap-no\">\n\t\t\t\t\t<div class=\"elementor-column elementor-col-50 elementor-top-column elementor-element elementor-element-599dbbf2\" data-id=\"599dbbf2\" data-element_type=\"column\" data-e-type=\"column\">\n\t\t\t<div class=\"elementor-widget-wrap elementor-element-populated\">\n\t\t\t\t\t\t<div class=\"elementor-element elementor-element-76f6221a elementor-invisible elementor-widget elementor-widget-image\" data-id=\"76f6221a\" data-element_type=\"widget\" data-e-type=\"widget\" data-settings=\"{&quot;_animation&quot;:&quot;fadeIn&quot;}\" data-widget_type=\"image.default\">\n\t\t\t\t<div class=\"elementor-widget-container\">\n\t\t\t\t\t\t\t\t\t\t\t\t<figure class=\"wp-caption\">\n\t\t\t\t\t\t\t\t\t\t<img loading=\"lazy\" decoding=\"async\" width=\"2560\" height=\"1707\" src=\"https:\/\/gastrodiyari.com\/wp-content\/uploads\/2024\/10\/DSCF0123-scaled.jpg\" class=\"attachment-full size-full wp-image-10360\" alt=\"\" srcset=\"https:\/\/gastrodiyari.com\/wp-content\/uploads\/2024\/10\/DSCF0123-scaled.jpg 2560w, https:\/\/gastrodiyari.com\/wp-content\/uploads\/2024\/10\/DSCF0123-300x200.jpg 300w, https:\/\/gastrodiyari.com\/wp-content\/uploads\/2024\/10\/DSCF0123-1024x683.jpg 1024w, https:\/\/gastrodiyari.com\/wp-content\/uploads\/2024\/10\/DSCF0123-768x512.jpg 768w, https:\/\/gastrodiyari.com\/wp-content\/uploads\/2024\/10\/DSCF0123-1536x1024.jpg 1536w, https:\/\/gastrodiyari.com\/wp-content\/uploads\/2024\/10\/DSCF0123-2048x1365.jpg 2048w, https:\/\/gastrodiyari.com\/wp-content\/uploads\/2024\/10\/DSCF0123-24x16.jpg 24w, https:\/\/gastrodiyari.com\/wp-content\/uploads\/2024\/10\/DSCF0123-36x24.jpg 36w, https:\/\/gastrodiyari.com\/wp-content\/uploads\/2024\/10\/DSCF0123-48x32.jpg 48w\" sizes=\"(max-width: 2560px) 100vw, 2560px\" \/>\t\t\t\t\t\t\t\t\t\t\t<figcaption class=\"widget-image-caption wp-caption-text\"><\/figcaption>\n\t\t\t\t\t\t\t\t\t\t<\/figure>\n\t\t\t\t\t\t\t\t\t<\/div>\n\t\t\t\t<\/div>\n\t\t\t\t\t<\/div>\n\t\t<\/div>\n\t\t\t\t<div class=\"elementor-column elementor-col-50 elementor-top-column elementor-element elementor-element-2e935b1f\" data-id=\"2e935b1f\" data-element_type=\"column\" data-e-type=\"column\">\n\t\t\t<div class=\"elementor-widget-wrap elementor-element-populated\">\n\t\t\t\t\t\t<div class=\"elementor-element elementor-element-62c414e7 elementor-invisible elementor-widget elementor-widget-image\" data-id=\"62c414e7\" data-element_type=\"widget\" data-e-type=\"widget\" data-settings=\"{&quot;_animation&quot;:&quot;fadeIn&quot;}\" data-widget_type=\"image.default\">\n\t\t\t\t<div class=\"elementor-widget-container\">\n\t\t\t\t\t\t\t\t\t\t\t\t<figure class=\"wp-caption\">\n\t\t\t\t\t\t\t\t\t\t<img loading=\"lazy\" decoding=\"async\" width=\"2560\" height=\"1707\" src=\"https:\/\/gastrodiyari.com\/wp-content\/uploads\/2024\/10\/DSCF0041-scaled.jpg\" class=\"attachment-full size-full wp-image-10353\" alt=\"\" srcset=\"https:\/\/gastrodiyari.com\/wp-content\/uploads\/2024\/10\/DSCF0041-scaled.jpg 2560w, https:\/\/gastrodiyari.com\/wp-content\/uploads\/2024\/10\/DSCF0041-300x200.jpg 300w, https:\/\/gastrodiyari.com\/wp-content\/uploads\/2024\/10\/DSCF0041-1024x683.jpg 1024w, https:\/\/gastrodiyari.com\/wp-content\/uploads\/2024\/10\/DSCF0041-768x512.jpg 768w, https:\/\/gastrodiyari.com\/wp-content\/uploads\/2024\/10\/DSCF0041-1536x1024.jpg 1536w, https:\/\/gastrodiyari.com\/wp-content\/uploads\/2024\/10\/DSCF0041-2048x1365.jpg 2048w, https:\/\/gastrodiyari.com\/wp-content\/uploads\/2024\/10\/DSCF0041-24x16.jpg 24w, https:\/\/gastrodiyari.com\/wp-content\/uploads\/2024\/10\/DSCF0041-36x24.jpg 36w, https:\/\/gastrodiyari.com\/wp-content\/uploads\/2024\/10\/DSCF0041-48x32.jpg 48w\" sizes=\"(max-width: 2560px) 100vw, 2560px\" \/>\t\t\t\t\t\t\t\t\t\t\t<figcaption class=\"widget-image-caption wp-caption-text\"><\/figcaption>\n\t\t\t\t\t\t\t\t\t\t<\/figure>\n\t\t\t\t\t\t\t\t\t<\/div>\n\t\t\t\t<\/div>\n\t\t\t\t\t<\/div>\n\t\t<\/div>\n\t\t\t\t\t<\/div>\n\t\t<\/section>\n\t\t\t\t<\/div>\n\t\t","protected":false},"excerpt":{"rendered":"<p>\u00c7ER\u00c7\u0130 Y\u00d6RESEL SATI\u015e NOKTASI<\/p>\n","protected":false},"author":1,"featured_media":0,"parent":0,"menu_order":0,"comment_status":"closed","ping_status":"closed","template":"","meta":{"footnotes":""},"class_list":["post-10310","page","type-page","status-publish","hentry"],"amp_enabled":true,"_links":{"self":[{"href":"https:\/\/gastrodiyari.com\/index.php?rest_route=\/wp\/v2\/pages\/10310","targetHints":{"allow":["GET"]}}],"collection":[{"href":"https:\/\/gastrodiyari.com\/index.php?rest_route=\/wp\/v2\/pages"}],"about":[{"href":"https:\/\/gastrodiyari.com\/index.php?rest_route=\/wp\/v2\/types\/page"}],"author":[{"embeddable":true,"href":"https:\/\/gastrodiyari.com\/index.php?rest_route=\/wp\/v2\/users\/1"}],"replies":[{"embeddable":true,"href":"https:\/\/gastrodiyari.com\/index.php?rest_route=%2Fwp%2Fv2%2Fcomments&post=10310"}],"version-history":[{"count":3,"href":"https:\/\/gastrodiyari.com\/index.php?rest_route=\/wp\/v2\/pages\/10310\/revisions"}],"predecessor-version":[{"id":10396,"href":"https:\/\/gastrodiyari.com\/index.php?rest_route=\/wp\/v2\/pages\/10310\/revisions\/10396"}],"wp:attachment":[{"href":"https:\/\/gastrodiyari.com\/index.php?rest_route=%2Fwp%2Fv2%2Fmedia&parent=10310"}],"curies":[{"name":"wp","href":"https:\/\/api.w.org\/{rel}","templated":true}]}}